igit of i?
9
Let x = -368 + 498. What is the tens digit of x/2*(-9 + 22 + -12)?
6
What is the hundreds digit of (5400/4)/(120/160)?
8
Let f(g) = -g**2 - 217*g + 937. What is the thousands digit of f(-128)?
2
Let v(y) = -y**2 - 8*y + 8. Let p be v(-6). Suppose -p*h = -17*h - 2604. What is the units digit of h?
8
Let q = 66842 - 31321. What is the thousands digit of q?
5
Let y be (380/2 + -4)*2/4. Suppose 4*g + 57 = y. Suppose -g*s = -13*s + 504. What is the units digit of s?
6
Let h(o) = -o**2 - 4*o + 7. Let x be h(-5). Suppose -20*t + 19 = 239. What is the tens digit of (t + 15)/(x/8)?
1
Let d be (2/4)/((-1)/2). Let q be 133 + d/(2 + -3). Suppose -3*k + q = -157. What is the tens digit of k?
9
Let h(o) = -10101*o - 3190. What is the thousands digit of h(-6)?
7
Suppose 5*h + k = -1, -h = 5*k - 3*k - 7. Let a = h - 0. Let w(i) = -i**3 + i**2 + 3*i + 2. What is the units digit of w(a)?
1
Suppose -41 = -4*k + 5*g, 4*k - 3*g = g + 36. Suppose s = k*s + 2*s. Suppose -3*h - h + 328 = s. What is the tens digit of h?
8
Let k(g) = 455*g**2 + 119*g + 48. What is the hundreds digit of k(-6)?
7
Suppose t - 72 - 265 = 0. Let n = t - 143. Let f = n - 94. What is the tens digit of f?
0
Let n(m) = m**2 - m. Let k(f) = 17*f**2 - 3*f - 23. Let x(d) = k(d) - 6*n(d). What is the hundreds digit of x(-6)?
3
Suppose -4*p = -2 - 22. Let j be (-4)/p*-42 + -4. What is the units digit of (12/j)/((-1)/(-34))?
7
Let b be (-320)/18 + (-22)/99. Let k(z) be the second derivative of -11*z**3/6 - 41*z**2/2 + 77*z. What is the units digit of k(b)?
7
What is the tens digit of (-4)/(8/(-3755))*(-14)/(-7)?
5
What is the ten thousands digit of (-139014)/(-9) + (11 - -3)?
1
Let m(i) = 8*i - 21. Let r be m(11). Let z = r - 66. What is the units digit of ((-2)/6)/(z/(-159))?
3
Let t(x) = -1351*x**3 + 2*x**2 - 14*x - 25. Let i be t(-2). Suppose 6*s - i = -4339. What is the units digit of s?
0
Let x = 9215 - 5805. What is the thousands digit of x?
3
Let d = 781 - 343. Suppose 311 = a - d. What is the units digit of a?
9
Suppose -5*v + 38483 = -3*c, -2*v - 4*c - 9530 = -24944. What is the hundreds digit of v?
6
Let i = 71632 - 33552. What is the tens digit of i?
8
Let c(o) = o**3 - 29*o**2 - 25*o - 58. Let f be c(30). What is the tens digit of f*2/4*8?
6
Suppose 8*x + 32*x - 1508167 + 341727 = 0. What is the ten thousands digit of x?
2
Suppose 39 = 4*o - 21. Let p be o/6*6/((-3)/(-1)). Suppose -p*q + 672 + 208 = 0. What is the hundreds digit of q?
1
Let c = -1219 - -845. Let f = -12 - c. Suppose 2*q = -0*l - 5*l + f, -l = 4. What is the tens digit of q?
9
Let w(l) = 5*l**2 + 160*l + 37. Let a be w(-32). What is the hundreds digit of (a/37)/(2/742)?
3
Let o be (-44)/6 - (-22)/(-33). Let n be 2*((-476)/o - 4). Suppose -3*z = y - 12 - n, 4*y + z = 437. What is the tens digit of y?
0
Suppose -49*a + 44*a = -65. Suppose 804 = 19*u - a*u. What is the hundreds digit of u?
1
Suppose -12 = -4*p, r - 6*r + 3*p - 29 = 0. Let h(s) = -12*s**3 + s**2 - 11*s + 1. What is the tens digit of h(r)?
2
Let f be 8/12 - 28/6 - -8. Suppose -q - 14 = -10, f*q + 1231 = 5*p. What is the units digit of p?
3
Let t be (-1299)/12 + (-6)/8. Suppose g = -8*r + 5*r - 40, 0 = 2*r - 4*g + 22. Let w = r - t. What is the tens digit of w?
9
Let h = -51 + 53. Suppose 5*j - 2*s - h*s - 920 = 0, -5*s - 745 = -4*j. What is the hundreds digit of j?
1
Let h(v) = -47*v + 65. Let w be h(-10). What is the tens digit of w*(6 + 3*25/(-15))?
3
What is the units digit of -10*(-2)/(-4)*1 + (4444 - 0)?
9
Suppose 221*a = 218*a - 90. What is the tens digit of (-2353)/(-5) + (a/(-75))/1?
7
Let n be (-7)/2*24/(-42). Suppose f - 2 = 2*b - b, -f - n = -3*b. What is the units digit of (-7)/(b - (-5)/(-2))?
4
Let r = 9420 - 1866. What is the units digit of r?
4
Suppose 0 = -5*q + 2*g + 113118, 3*g - 108 = -135. What is the tens digit of q?
2
Let i = 24972 + 12139. What is the thousands digit of i?
7
Suppose -4*b + h = -41, -4*b + 0*h = -3*h - 51. Suppose -865 = 4*j - b*j. What is the hundreds digit of j?
1
Let x(q) = 2*q**2 - 119*q + 119. What is the tens digit of x(-55)?
1
Let r(x) = -137 + 15 + 96*x + 0*x. What is the units digit of r(8)?
6
Let o(x) = 2*x**2 + 79*x - 1352. What is the thousands digit of o(-82)?
5
Let a(p) = 349*p**2 - 139*p + 1114. What is the thousands digit of a(7)?
7
Let o(j) = j**2 - 4*j - 22. Let g be o(11). Let y = g + -51. What is the tens digit of y*((-222)/(-8) - 3)?
9
Let r(j) be the third derivative of j**5/60 - 11*j**4/24 + 2*j**3 - 10*j**2. Let l be r(9). What is the units digit of 89 + ((-16)/7 - l/21)?
7
Let f(b) = b**3 + 65*b**2 - 77*b + 1054. What is the units digit of f(-53)?
3
Suppose -2*h + 5*y + 549 = 10*y, 0 = -3*h + 2*y + 871. Suppose -2*b + 0*b + 6 = 0. What is the units digit of (18/(-12))/b + h/2?
3
Let z = -430 - -719. Suppose -5*g + z = 84. What is the tens digit of g?
4
Let c(t) be the third derivative of -5*t**4/24 - 47*t**3/6 - 9*t**2. Let r be c(-6). What is the tens digit of (-162)/(-378) + (-236)/14*r?
8
Let t = 703 - 337. Suppose -33*w + t = -30*w. Suppose w = 21*x - 19*x. What is the tens digit of x?
6
Suppose -23*q - 71767 + 177873 = -98893. What is the hundreds digit of q?
9
What is the hundreds digit of ((-3)/1 - 7716/18)/(8/(-120))?
4
Let k be (0 + (-3)/(-3))*17 + -2. Let p be 198/(-27)*(-4)/(8/k). What is the units digit of (-1)/(-4)*p - 9/12?
3
Let z(i) = 2*i**2 + 11*i + 8. Let o be z(-5). What is the units digit of -7 - (-161 + (o - 2))?
3
Let a(v) = v**3 + 5*v**2 - 7*v - 1. Suppose 3*p + 13 = -5. Let o be a(p). Suppose o*d - 85 = 4*d. What is the units digit of d?
5
Suppose -3*o + 4*x + 148 = 0, 2*o + x - 4*x = 98. Suppose q - p - o = 0, -2*q + 99 = -0*p + 3*p. What is the units digit of q?
1
Let u(p) = 44*p - 50. Suppose 2 = -3*b + 35. Let r = b - 4. What is the hundreds digit of u(r)?
2
Let w = 150874 + -100659. What is the ten thousands digit of w?
5
Let b = 7 + -3. Let v(s) = 20*s - 4. Let q(f) = 5*f - 2. Let r(h) = -4*q(h) + 2*v(h). What is the tens digit of r(b)?
8
Suppose -16*i = -14*i + 4. Let u be 2/(i/3) + 26. Let a = u + 26. What is the units digit of a?
9
What is the thousands digit of (-30)/(-40) + (-38)/8 + 19495 + -15?
9
Let m(h) = 2*h**2 + 25*h - 9. Let x be m(-13). Suppose x*r - 7 = 13. Suppose r*f - 52 - 23 = 0. What is the tens digit of f?
1
Suppose 0 = z - 8*z. Let f(q) = q**3 - 2*q + 174. What is the units digit of f(z)?
4
Suppose -116136 = -148*r + 130*r. What is the hundreds digit of r?
4
Let j(f) = 2*f**3 + f**2 - 3. Suppose -3*x = -13*x - 720. Let k = -68 - x. What is the hundreds digit of j(k)?
1
Suppose 55308 = 5*d - 3*k + 10462, 5*k = 4*d - 35882. What is the hundreds digit of d?
9
Let f be 7/4 + (-10)/(-40) - 17. Let q be (45/(-6))/f + 2/(-4). Suppose 5*y + s - 780 - 269 = q, -1057 = -5*y - 3*s. What is the hundreds digit of y?
2
Let x be (-2 + 3 + -3)*-2. Let d = 11 - 11. Suppose d = 3*p - 0*p + x*o - 117, -p + 5*o + 39 = 0. What is the tens digit of p?
3
Let s = -1022 - -29571. What is the tens digit of s?
4
Let n(v) = 2*v**2 - 17*v. Suppose -27 = i - 4*r + 54, 3*r - 350 = 4*i. Let u = -76 - i. What is the units digit of n(u)?
7
Let n = 857 - 173. Suppose -100 - 254 = -y - 2*b, -2*y + 4*b + n = 0. Suppose -7*d = -4*d - y. What is the hundreds digit of d?
1
Let c be (-3)/10*(-50)/5. Suppose c*m - 2866 = -2*p, -2*p + 1227 = -m - 1631. What is the tens digit of p?
3
Let i(k) = -2*k**3 + 24*k**2 - 3*k - 8. Let b be i(12). Suppose 2*s - 2*l + 4 = -2, -3*s = 3*l - 15. What is the units digit of b/(-11) - (-93)/s?
7
Let i = 3180 + -5713. Let o = -1804 - i. What is the tens digit of o?
2
Let j(y) = -4*y - 122. Let a be j(0). Let m = 184 - a. What is the units digit of m?
6
Suppose 26*j + 27 = 35*j. Suppose 6 = j*x, -359 = -p - 24*x + 20*x. What is the hundreds digit of p?
3
Suppose 2*n = 3*a + 8 + 22, -4*a = -n + 25. Suppose 14*v = n*v + 15. Suppose v*l - 5*z = 146, 3*l - 5*z + 196 = 6*l. What is the units digit of l?
7
Let s be (3/(-2))/(12/(-1528)). Let n = 315 - s. Let q = n - 50. What is the tens digit of q?
7
Suppose -143*w = -112*w - 479880. What is the tens digit of w?
8
Suppose -8*i + 58 + 374 = 0. Suppose y = 0, 5*y = 3*s - 0*y - i. What is the tens digit of s?
1
Let h = 1845 + -977. Suppose h - 64 = 6*f. Suppose 4*g - 3*d = f, 6*g - d - 173 = g. What